 v(t).
-9
Let u(g) = -4*g**2 - 6*g + 5. Let y(w) = -4*w**2 - 5*w + 4. Let q(l) = 5*u(l) - 6*y(l). Let r(m) = -m**3 + m**2 + 6*m - 5. Let v be r(1). Give q(v).
5
Let a(j) = -4*j**2 + 11*j - 10. Let r(h) = 5*h**2 - 7*h + 9. Let p(f) = 4*a(f) + 3*r(f). What is p(22)?
9
Let g(z) = 28*z**3 - 3*z**2 - z + 2. Let n = -6925 + 6924. Determine g(n).
-28
Let f(t) = 10*t**2 - 65*t - 27. Let g be -5*(-77)/56 - (-1 - (-56)/64). Give f(g).
8
Let a(d) = -10*d - 2. Let t(i) = -5*i - 1. Let q(f) = -3*a(f) + 7*t(f). Suppose y + 88*l - 85*l + 5 = 0, 5*y = -3*l - 1. Calculate q(y).
-6
Suppose -16 = -o + 39*v - 43*v, -4*v - 4 = -4*o. Let k(x) = x**2 + x**2 - 3 - 4*x + 4. What is k(o)?
17
Let o(a) = -a**3 - 3*a**2 + a. Let q(b) = -b**3 - 5*b**2 - 3*b + 1. Let g be 4 - 15/3 - 10. Let l = 7 + g. Let z be q(l). What is o(z)?
-3
Let d(m) be the first derivative of m**3/3 - 19*m**2 + 254*m + 1647. Give d(29).
-7
Let a be (232/580)/(2/20). Let g(p) = 2*p**2 - 4*p**2 + p - 3 + 2*p. Give g(a).
-23
Suppose 54 = -4*l + 2*h, 0 = 28*l - 26*l + 3*h + 39. Let u(j) = 2*j + 21. Give u(l).
-9
Let k(x) = -9*x - 65. Suppose 3*p + 50 = 5*f, 5*p = 4*f - 488 + 435. Calculate k(p).
-20
Let g(x) be the first derivative of -5 + 1/2*x**2 + 0*x. Suppose -13*l + 77 + 14 = 0. What is g(l)?
7
Let i(b) = 45*b - 496. Let g(h) = 60*h - 630. Let a(t) = 7*g(t) - 9*i(t). Give a(-3).
9
Let a = -9983 + 9979. Let z(d) = 5*d**2 - 2*d - 31. Calculate z(a).
57
Let q = -2176 + 2163. Let g(d) = -d**3 - 11*d**2 + 26*d - 33. Give g(q).
-33
Let u(k) = k + 1. Let x(r) = -r. Let m(t) = -4*u(t) - 7*x(t). Let p(w) = -w + 2. Let v(g) = -2*m(g) - 5*p(g). Let i(o) = -3*o - 19. Let f be i(-8). Give v(f).
-7
Let h be (44/8)/11*(-6)/1. Let v = 18 + -17. Let t(c) = 2*c - v + 1 + 4 - c. Give t(h).
1
Let w(l) = -13387*l - 13378*l + 1 + 26779*l. Let p(q) = q**2 - 3*q - 1. Let i be p(4). Let d be (-1)/(i/(0 - -3)). What is w(d)?
-13
Let n(v) = -v**3 + 11*v**2 + 19 + 3*v**2 - 9*v - 13*v**2 + 7*v**2. Give n(7).
5
Let l(z) = 2*z + 2. Let p(k) = 4*k + 15. Let a(o) = o + 1. Let h(n) = 5*a(n) - p(n). Let c be h(15). Let q be (c/(-15))/(3/(-18)). Determine l(q).
6
Suppose 8*r + 16 = -8*r - 0*r. Let z(c) = 11*c**2 - 3*c - 1. Determine z(r).
13
Let d = 39 + -37. Let a(w) = -2*w + 272 + w**d + 263 - 534 + 0*w**2. What is a(3)?
4
Suppose 5*m = -5*f - 10, -2*f = -4*m - 3*f - 20. Suppose -106*w + 113*w = 14. Let p(q) = -4591*q + w + 2 + 4592*q. What is p(m)?
-2
Let i(t) = 0*t - 26 + 38 - t**2 - 15 - 12*t + 2*t**2. Give i(12).
-3
Suppose 0 = -4*a - 52 + 364. Suppose 75*l + 3 = a*l. Let z(n) be the second derivative of -4*n**3/3 + 6*n. Calculate z(l).
-8
Suppose -7*r = -10*r + 9. Let a be (-1)/(-4 - 76/(-20)). Suppose -2*h + a = -r*x, -11 = 3*x - 4*h - 4. Let v(z) = 2*z**3 + 2*z**2 + z. Calculate v(x).
-1
Let k(l) = 7*l + 7 + 4 - 12 - 3*l**2. Let c(p) be the second derivative of p**4/12 - p**3/2 + 18*p. Let g(s) = -5*c(s) - 2*k(s). What is g(-2)?
4
Let w(q) = -187*q - 1452. Let r(c) = -55*c - 426. Let y(m) = -44*r(m) + 13*w(m). Give y(-12).
0
Let t(l) = 4*l**2 + 34686*l + 34692*l - 69384*l + 17 - 3*l**2. Give t(12).
89
Let x(i) = 11*i**2 + 115*i + 163. Let v(u) = 4*u**2 + 41*u + 56. Let z(g) = -17*v(g) + 6*x(g). Give z(3).
-13
Let m(s) = s. Let f be (-31)/((-1)/6 - (-10)/(-12)). Suppose f*k = 30*k. Let l(t) = 2*t. Let p be l(k). Give m(p).
0
Let p(r) = 240*r + 14. Let f(q) = 86*q + 5. Let w(t) = -14*f(t) + 5*p(t). Suppose 3*x - 5 = 4*x, -3*y = -3*x - 15. Let d = y - -1. Calculate w(d).
-4
Let m(a) = -a**2 + 7*a + 13. Let l be 1*(-24)/60*-20. Calculate m(l).
5
Let c(l) = -l**3 + l**2 - 4*l - 1. Let w(b) = 3*b**2 - 133*b + 134. Let x be w(1). Determine c(x).
-65
Let a(u) be the second derivative of 1/12*u**4 + 1/60*u**5 + 0 + 1/2*u**3 - 14*u + 3*u**2. Let w(n) be the first derivative of a(n). Determine w(-2).
3
Let w(n) = 6*n - 23. Let g(z) = -z**3 - 5*z**2 + 173*z + 1005. Let c be g(-6). What is w(c)?
-5
Let u(v) = v**3 + 6*v**2 - 17*v + 3. Suppose 2*n + 14 = -q, -90*n + 85*n - 5*q - 30 = 0. Calculate u(n).
11
Let b(v) = 2*v**3 - v**2 - v - 2. Suppose -66*q = -68*q. Determine b(q).
-2
Suppose -6 = 5*x + 3*y, x + 4*y + 19 = 11. Let a(z) be the third derivative of 3*z**2 + x*z**3 + 0 - 3/8*z**4 + 0*z. Give a(1).
-9
Let u(m) = 11 + 10*m - 2 + 9*m - 2 + 10. Give u(-3).
-40
Let s(v) = 2*v**2 + 7*v - 12. Let g be (-2)/((-22)/20 + 33/22). Let p(q) = q**2 + 4*q - 6. Let u(z) = g*p(z) + 2*s(z). What is u(-7)?
-1
Let s(c) = -c**3 + 20*c**2 - 86*c - 4. Let w be s(6). Let x(v) = -7*v - 106. Give x(w).
6
Let u(b) = 1. Let c(f) = f + 1. Let i(p) = -3*c(p) - 4*u(p). Let z(r) = 11*r + 22. Let y(n) = 7*i(n) + 2*z(n). Suppose -v = 3*v. What is y(v)?
-5
Let v = 1459 + -1456. Let b(r) = r - 5. Calculate b(v).
-2
Let d(u) = -261*u - 521. Let r be d(-2). Let k(z) = 25*z**2 - z - 1. Determine k(r).
23
Let a be (6 - 19) + (-10)/(-1). Let z(p) = -3*p**3 - 15*p**2 - p + 20. Let g(h) = h**3 + 5*h**2 - 7. Let v(n) = -8*g(n) - 3*z(n). What is v(a)?
5
Suppose -18 = -6*x - 0. Let m be (-5)/x - (-544)/51. Let w(u) = u**3 - 8*u**2 - 8*u + 10. Calculate w(m).
19
Let g(f) = -4*f**2 - 2*f - 1. Let m(l) = -l**2 + 9*l - 15. Let p be m(6). Suppose 0 = -6*v - p - 3. Calculate g(v).
-3
Let y(x) be the first derivative of -x**3/3 + 5*x**2/2 + 9*x - 3255. Give y(8).
-15
Let u = 39 - 37. Suppose 3*b = c + 10, u*c - 5 = -2*b - 1. Let f(o) = 3*o**2 + 10 + o**b + 10*o**2 - 5*o**2 + 6*o + 4*o. What is f(-7)?
-11
Let f(u) = 44*u + 704. Let h(z) = -15*z - 235. Let b(g) = 4*f(g) + 11*h(g). Let t be b(-21). Let w(j) = j**2 - j - 8. Give w(t).
-8
Let u(p) = -34*p - 308. Suppose 26*r + 134 = 21 - 121. What is u(r)?
-2
Let m = -245 + 255. Let h(b) = -19 - 4*b**2 + 8 + m + 3*b. What is h(2)?
-11
Let x(f) = f**3 - 11*f**2 + f + 5. Let z be 10/10 - (-120)/12. Determine x(z).
16
Let m(x) = -13*x - 13. Let i be 1*11 + 225 + -240. What is m(i)?
39
Let h(v) = -9*v**2 + 8*v - 24. Let m(l) be the first derivative of 4*l**3/3 - 2*l**2 + 11*l - 132. Let b(z) = -3*h(z) - 7*m(z). Calculate b(4).
-5
Let d(n) = -n**3 - 20*n**2 - 26*n - 107. Let m be d(-19). Let b(x) = -3*x + x + m - 57 + 32 - x + x**2. Calculate b(4).
5
Let d(a) = 384*a. Let r(w) = 761*w + 78. Let k(f) = 2*d(f) - r(f). What is k(13)?
13
Let p be (-5 - (1 - 3)) + -25*1. Let h = p + 30. Let f(b) = 7 + h + b - 2 - 3. Calculate f(-4).
0
Suppose 0 = -2*c + 21*c - 95. Suppose -c*u + 9*u + 3*o = 34, 0 = 2*o + 4. Let a(s) = -s + 8. Give a(u).
-2
Let c(t) = 2*t - 15. Let l = -38 - -47. Let h be c(l). Suppose -5*k = -h*q - 26, 0 = 4*k - 5*q + 3*q - 20. Let a(x) = x**2 - 4*x. Give a(k).
0
Suppose -154*y + 2*j = -152*y, -3*j = -5*y. Let p(l) = l**3 + l**2 + 11*l - 5. Determine p(y).
-5
Let q(y) = -y**3 + 2*y**2 + 6. Let p(n) = -n**3 + n**2 - 1. Let g(c) = -2*p(c) + q(c). Let l be -21 - -34 - 16 - (-4 - -1). Determine g(l).
8
Let u(k) = k**2 + 9*k + 24. Let f = -434 - -430. Let l be u(f). Let w(c) = -c**3 + 2*c**2 + 3*c + 3. What is w(l)?
-17
Let q(l) = -l + 36. Let h(o) = 3*o - 81. Let u(f) = -4*h(f) - 5*q(f). What is u(19)?
11
Let b(c) = -c**3 - c + 6. Suppose -3*g - k - k - 8 = 0, -5*k - 20 = -3*g. Suppose g = 10*y + 14*y - 3*y. Determine b(y).
6
Let o(w) = -3*w - 18. Let t(q) = q**2 + 92*q + 742. Let g be t(-9). Determine o(g).
-3
Let f(h) be the first derivative of -h**6/24 - h**5/120 - h**4/24 + 95*h**3/3 + 72. Let n(c) be the third derivative of f(c). Calculate n(-1).
-15
Let k(q) be the third derivative of q**6/120 + 2*q**5/15 + q**4/24 + 3*q**3 - 10*q**2 - 2*q + 128. Give k(-8).
10
Let p(n) = -4*n + 0*n + 2*n. Let x be (-9)/(-36) - ((-2)/(-8) + -5). Let m be (-16)/160*-12*x/3. What is p(m)?
-4
Let w(l) = 2*l - 13. Let m(s) = 3*s**3 + 174*s**2 - 177*s + 13. Let c be m(-59). Give w(c).
13
Let k(o) = o**2 + 7*o + 20. Let d be k(-5). Let i(s) = -17*s + s**2 + 9 + 6*s + 0*s + d*s. Determine i(0).
9
Let p be (3 + -1 + 17)*(10 - -33). Let u = p - 421. Let l(w) = 0 + 394*w - u*w - 3. What is l(-3)?
3
Let n(z) = 189*z**2 - z + 13. Let h(v) = -227*v**2 + v - 13. Let l(o) = -5*h(o) - 6*n(o). Give l(6).
29
Let r(g) = g**2 + g**3 + 27 - 25 + 6*g**2 + 4*g. Let m be (34 - 39)*(0 - 6/5). Suppose -m*z - 7*z - 78 = 0. Calculate r(z).
14
Let k(s) = -s**2 + 23*s - 10. Let m(t) = -3*t**2 + 48*t - 22. Let q(v) = -7*k(v) + 3*m(v). What is q(-9)?
-5
Suppose -5*s = 2*